. Let t(u) be the first derivative of -51*u**2/2 + 10*u + 2. Is t(h) a composite number?
False
Let l = 21 - 17. Suppose 0*z = -z + l. Suppose -z*o + 6 = -o. Is o a prime number?
True
Let t(o) = 212*o - 15. Let u be t(6). Suppose -u = -3*n - 0*n. Is n a prime number?
True
Let d = 13820 - 7791. Is d composite?
False
Let z(k) = 3*k - 10. Let m be z(-2). Is -3 + (m - -4)/(-3) + 105 composite?
True
Suppose -12*d = -21 - 27. Suppose -f + d*l - l + 667 = 0, -5*l - 3375 = -5*f. Is f prime?
False
Suppose 2*m + 2*j = 7*j + 2791, 2*j = 6. Suppose -2068 = -3*v + m. Is v a composite number?
True
Let d be (-25)/(-10) - (-1)/2. Suppose d*n + 12 = 0, 0 = -i + n + n + 47. Suppose i*z + 357 = 42*z. Is z prime?
False
Let k = -3 + 7. Suppose k*g + 5*o = 442 + 744, 2*o - 893 = -3*g. Is (g + 0 + -1)/2 a prime number?
True
Suppose 3*h = -3*v - 0*h - 5880, -3*h = -15. Let p be ((-6)/9)/(10/v). Suppose -2*m + p = g, m + g = 3*m - 137. Is m composite?
False
Let n be 30/(-36)*(-6 - 0). Suppose 2*j + 2451 = n*j. Is j prime?
False
Suppose 0 = 15*j - 27*j + 46884. Is j composite?
False
Suppose -15*q = -33*q + 284706. Is q a composite number?
False
Let m = 6596 + -3479. Is m a composite number?
True
Suppose 0*f - f + 11 = 3*g, 2*g = 3*f. Let h = 427 - 252. Suppose 2*a - 326 = -f*i - 0*i, -i = 4*a - h. Is i composite?
True
Let f(z) = 4*z**2 + 8 + 0*z**3 - z**3 + 0*z**2 - 12. Let n be f(3). Suppose -n*x + 2*x - w = -225, 4*w = -x + 86. Is x composite?
True
Let b(x) = 55*x**2 - 129*x + 19. Is b(18) prime?
False
Let w(f) = 16*f**2 + 11*f - 2 - 3*f**2 + 0*f + 29*f**2. Is w(3) composite?
False
Suppose -3*p + p = 18. Let j = 14 + p. Suppose -j*c - 52 = -422. Is c composite?
True
Let o(y) = -44*y - 5. Let f be 156/(-12)*(-2 + 1). Suppose 1 - f = 4*m. Is o(m) prime?
True
Is 2/(-11) - 320838/(-66) a prime number?
True
Let w(s) = 9*s**2 + s**2 + 9*s + 0*s**3 - s**3 + 4. Let n be w(10). Let r = n + -41. Is r composite?
False
Let j(c) = c**3 + 8*c**2 + 8. Let y be j(-8). Suppose 0 = -d - 3*p + y*p + 2171, -4330 = -2*d + 4*p. Is d prime?
True
Let t(f) = f**2 + 18*f + 56. Let g be t(-7). Let y(x) = 3*x**2 + x - 4. Let v be y(-4). Let q = v + g. Is q a composite number?
False
Suppose -3221 = 2*m + 4*v - 9231, 4*v - 15007 = -5*m. Is m composite?
False
Suppose -2*h = 3*g + 32 + 29, -5*g - 20 = h. Let y be -3 - (-7)/(h/10). Is (-1086)/y - 2/10 a composite number?
True
Let a = -1 + 0. Suppose 13*u = 6*u - 14. Is 307 + a + u + 3 a composite number?
False
Suppose 0 = -4*u - 0*u - 72. Is 70*(1 - -1 - (-27)/u) composite?
True
Suppose 70778 = -2*x + 5*b, 2*x - b = -2*b - 70778. Let l = 51741 + x. Is l/154 - 4/22 a composite number?
True
Suppose 2*b + 2*h = 21802, 6*h + 10899 = b + 8*h. Is b composite?
False
Let s be (5 - 3)/4*-5066. Let o = s - -5988. Is o prime?
False
Let p(h) = -14*h**3 + 2*h**2 - 3*h + 2. Suppose 0 = x - 18. Suppose -2*g - 4*g = x. Is p(g) prime?
False
Suppose -4*s - 5*w + 10*w + 97288 = 0, 0 = -s - w + 24313. Is s a prime number?
True
Let i(h) = 16*h**3 + 3*h**2 - 15*h - 17. Is i(7) a prime number?
False
Let g(h) = h**2 - 6*h + 13. Let q be g(4). Let a(f) = 32*f - 3. Is a(q) a composite number?
False
Suppose 43*z = 407616 + 235707. Is z composite?
True
Let u = 16 + -9. Let v(s) = 5*s**3 + 7*s**2 - 7*s + 3. Let j be v(u). Suppose 29*x - 25*x - j = 0. Is x prime?
True
Suppose -4 = -i - 3. Let s(y) = -309*y**3 - y**2 - 8*y + 4. Let l(z) = 77*z**3 + 2*z - 1. Let f(t) = 9*l(t) + 2*s(t). Is f(i) a prime number?
False
Is (2 - 1440)*208/(-32) composite?
True
Suppose 82*n - 10942 = 80*n. Is n composite?
False
Let v = -1417 + 2564. Let s = v - -607. Is s prime?
False
Let y = -7 - -15. Let u = y + -5. Suppose -2167 = -f - 2*f - 2*i, u*f - i - 2152 = 0. Is f a prime number?
True
Suppose -3*p = 5*w - 4048, 2*w = -2*w + 5*p + 3231. Is w composite?
False
Let q be 9/(-6) + 6/4. Suppose -4*l - 856 = -4*g, 2*l + q*l - 205 = -g. Is g a prime number?
True
Let n = -64 - -56. Let t(a) = -80*a + 29. Is t(n) prime?
False
Suppose 3*d + 48 = 6*d. Let r = -2 + d. Let k = r + 41. Is k composite?
True
Let a(p) = 18*p - 21. Suppose -2*m + 16 = -22. Is a(m) prime?
False
Let g be (5 - (1 - -1)) + -3. Is (74/4 - g)/(9/18) prime?
True
Suppose 49*w = 6772827 - 512734. Is w a composite number?
True
Let y be (-3 - 75) + (-2 - 3). Suppose 17 = 2*t + 2*t + x, 4*x = t + 17. Is y*1*(t - 4) composite?
False
Suppose x = 15*t - 13*t - 1843, 4*x = -t + 899. Is t prime?
True
Let s be (-40936)/63 + 1 + (-22)/18. Let c = s + 1065. Is c prime?
False
Suppose y + 4*t + 2605 = -2*y, 1710 = -2*y + 4*t. Let n = -186 - y. Is n a prime number?
True
Is (-518 + -1)*395/15*-1 composite?
True
Let f(n) = -n**3 - 47*n**2 - 84*n + 51. Is f(-48) a composite number?
True
Let l(q) = q**3 - 10*q**2 + 10*q - 5. Let y(d) = -d**2 - 10*d + 9. Let a be y(-10). Let m be l(a). Let g(c) = 9*c**2 - 4*c + 3. Is g(m) prime?
True
Let w = -9928 - -47709. Is w prime?
True
Let d(y) = -18*y**3 - 6*y**2 + 24*y + 1. Is d(-7) prime?
False
Let s(j) = -513*j - 14. Is s(-1) prime?
True
Let m(o) = -o**3 - 6*o**2 + 8*o + 10. Let q be m(-7). Suppose 5*h - q*i + 19 = 1, 5*i = 3*h + 14. Is -1 - h/3 - -67 composite?
False
Let d be ((-10)/6)/(3/9). Let m be 1 - (2 + (d - 1)). Suppose -m*g = -590 - 765. Is g prime?
True
Let b = 8 + -8. Suppose -3*n + b*j - 24 = 3*j, 13 = 4*n - 5*j. Let a(v) = 74*v**2 - 6*v - 7. Is a(n) a prime number?
True
Let y(p) = 4*p**2 - 9*p - 23. Let h be y(-11). Is (h/(-3) - 1)*126/(-42) a composite number?
False
Let y = -1155 - -1334. Is y composite?
False
Suppose -5*f = -2*o - 29, 0 = f + 5*o - 2 + 7. Suppose -871 = -f*h + 444. Is h a composite number?
False
Suppose 6*x = 2*x - 48. Suppose -4*k + 9 = -7, 260 = 4*n - 2*k. Let m = n + x. Is m a prime number?
False
Is 7621 - (2 + 4)*1 prime?
False
Suppose -4*p - 32 = -152. Suppose -130 = -5*f - p. Suppose 3*l = 5*r + 54, f = 5*l + 4*r - 107. Is l prime?
True
Let w(s) = -2*s + 2*s + s. Let g be w(3). Suppose -y = -16 - g. Is y prime?
True
Let c = 78 + -76. Is (1 - 2)/c + (-53694)/(-12) a prime number?
False
Let p(y) = y**2 - 5*y + 4. Let v be p(3). Let h be -30 - (0 + v) - 0. Is (-7204)/h + 2/(-7) a prime number?
True
Suppose 3*c - 12321 = 3*t + t, -3*t = 2*c - 8231. Is c prime?
True
Let u(h) = -4*h**3 - h**2 + 10*h + 29. Let p be u(-9). Let x = p + -1879. Is x composite?
True
Let y(z) be the first derivative of 2*z**4 - 3*z**3 + 11*z**2/2 + z - 6. Is y(6) composite?
False
Suppose -4*p + 84023 = -18645. Is p a composite number?
False
Let w(d) = -298*d + 3. Let v be w(-6). Suppose -3*t + v = 10749. Let p = -1925 - t. Is p prime?
True
Let f(o) = 10*o**2 + o - 48. Is f(7) composite?
False
Let f(n) = n**2 - 7*n + 11. Let c be f(4). Let j be c - 1/((-4)/36). Is -6*4/j + 1064 a prime number?
True
Suppose -10*y + 51 = -6739. Is y prime?
False
Suppose -6871 = -3*l + 6392. Is l prime?
True
Let o = 8901 + -3692. Is o composite?
False
Is ((-630)/350)/(6/(-5870)) prime?
False
Let t be (-3 - (-16)/4)*-1. Let u(w) = 12*w - 4. Let p be u(t). Is ((-8)/p)/(2/212) composite?
False
Let b(s) = 2*s**3 + 75*s**2 - 19*s - 153. Is b(-35) prime?
True
Is (-22)/(-14)*171 - (-18)/63 a composite number?
False
Let x be (-4 - (0 + -8)) + 1. Suppose 0 = x*h - 193 - 1402. Is h a composite number?
True
Suppose 10*w = 15408 + 4082. Is w composite?
False
Let k(s) = s**3 - 3*s**2 - s + 3. Let h be k(3). Is (h - -4) + 10 + 37 prime?
False
Let i be (-2 - -7)*8/8. Suppose 4*v = 2*v - 4*f + 506, 0 = -2*v + i*f + 524. Is v prime?
True
Suppose -6*n = -1425 - 25821. Is n composite?
True
Let x = -60 - -56. Is x - 11/(-2) - (-10910)/4 composite?
False
Suppose -2*q + 4214 = -3*s - 24, 4*s = 3*q - 5650. Is (-1)/(-4) + s/(-8) a prime number?
False
Suppose -86224 = -50*g + 129826. Is g composite?
True
Suppose -z - 4*t = -276, 0*z + 579 = 2*z - t. Suppose 0*n + 2*n = -z. Let h = -51 - n. Is h prime?
False
Let p(t) = -t**3 + 12*t**2 + 20*t - 4. Let o be p(15). Let a = -105 - o. Is a a composite number?
True
Let t(p) = -827*p + 169. Is t(-14) composite?
True
Let r(z) = 161*z + 41. Let d = -18 + 30. Is r(d) composite?
False
Let i be 0 - (-1 + -2 - 1314). Let j = i - 901. Suppose 5*u + 2*v - 5685 = 0, 3014 = 3*u + 5*v - j. Is u prime?
False
Suppose 20*r = -20*r + 412760. Is r composite?
True
Let w(z) = 10*z**3 - 2*z**2 + 4*z - 1. Let s(b) = 29*b**3 -